e remainder when 1100 is divided by 92.
88
What is the remainder when 4873 is divided by 53?
50
Calculate the remainder when 64 is divided by 12.
4
What is the remainder when 1802 is divided by 4?
2
Calculate the remainder when 361 is divided by 13.
10
What is the remainder when 396 is divided by 26?
6
Calculate the remainder when 40509 is divided by 32.
29
Calculate the remainder when 308 is divided by 15.
8
Calculate the remainder when 3560 is divided by 58.
22
Calculate the remainder when 201 is divided by 160.
41
What is the remainder when 1229 is divided by 137?
133
What is the remainder when 4 is divided by 2?
0
Calculate the remainder when 85 is divided by 48.
37
Calculate the remainder when 107 is divided by 18.
17
Calculate the remainder when 359 is divided by 60.
59
Calculate the remainder when 1112 is divided by 26.
20
Calculate the remainder when 2877 is divided by 64.
61
What is the remainder when 317 is divided by 26?
5
What is the remainder when 120 is divided by 3?
0
Calculate the remainder when 34 is divided by 19.
15
What is the remainder when 233 is divided by 51?
29
What is the remainder when 438 is divided by 28?
18
Calculate the remainder when 421 is divided by 13.
5
Calculate the remainder when 3616 is divided by 34.
12
What is the remainder when 384 is divided by 23?
16
What is the remainder when 60 is divided by 45?
15
Calculate the remainder when 347 is divided by 91.
74
Calculate the remainder when 21987 is divided by 30.
27
What is the remainder when 245 is divided by 25?
20
What is the remainder when 304 is divided by 123?
58
What is the remainder when 756 is divided by 64?
52
Calculate the remainder when 3052 is divided by 13.
10
What is the remainder when 148 is divided by 31?
24
What is the remainder when 1199 is divided by 12?
11
What is the remainder when 327 is divided by 8?
7
What is the remainder when 8 is divided by 3?
2
Calculate the remainder when 1598 is divided by 114.
2
Calculate the remainder when 2487 is divided by 482.
77
Calculate the remainder when 196 is divided by 16.
4
What is the remainder when 116 is divided by 16?
4
Calculate the remainder when 308 is divided by 23.
9
What is the remainder when 273 is divided by 35?
28
What is the remainder when 2164 is divided by 3?
1
What is the remainder when 2376 is divided by 85?
81
Calculate the remainder when 1317 is divided by 44.
41
What is the remainder when 613 is divided by 128?
101
What is the remainder when 154 is divided by 42?
28
Calculate the remainder when 182 is divided by 60.
2
What is the remainder when 1898 is divided by 193?
161
What is the remainder when 133 is divided by 37?
22
Calculate the remainder when 5737 is divided by 20.
17
What is the remainder when 2149 is divided by 519?
73
Calculate the remainder when 8684 is divided by 55.
49
What is the remainder when 352 is divided by 71?
68
Calculate the remainder when 32 is divided by 2.
0
Calculate the remainder when 354 is divided by 15.
9
What is the remainder when 3165 is divided by 264?
261
Calculate the remainder when 80 is divided by 31.
18
What is the remainder when 556 is divided by 99?
61
What is the remainder when 286 is divided by 7?
6
What is the remainder when 69 is divided by 34?
1
What is the remainder when 827 is divided by 5?
2
What is the remainder when 219 is divided by 5?
4
What is the remainder when 159 is divided by 9?
6
What is the remainder when 126 is divided by 13?
9
What is the remainder when 3243 is divided by 55?
53
What is the remainder when 55 is divided by 45?
10
What is the remainder when 506 is divided by 34?
30
Calculate the remainder when 129 is divided by 29.
13
What is the remainder when 354 is divided by 94?
72
Calculate the remainder when 256 is divided by 17.
1
What is the remainder when 4460 is divided by 186?
182
Calculate the remainder when 349 is divided by 32.
29
What is the remainder when 3059 is divided by 36?
35
Calculate the remainder when 75 is divided by 50.
25
Calculate the remainder when 473 is divided by 14.
11
What is the remainder when 763 is divided by 32?
27
Calculate the remainder when 2105 is divided by 31.
28
What is the remainder when 348 is divided by 225?
123
What is the remainder when 275 is divided by 79?
38
Calculate the remainder when 229 is divided by 78.
73
Calculate the remainder when 741 is divided by 12.
9
Calculate the remainder when 24 is divided by 14.
10
What is the remainder when 814 is divided by 213?
175
What is the remainder when 18247 is divided by 36?
31
Calculate the remainder when 12044 is divided by 223.
2
What is the remainder when 75 is divided by 45?
30
Calculate the remainder when 457 is divided by 152.
1
Calculate the remainder when 76 is divided by 20.
16
Calculate the remainder when 3009 is divided by 254.
215
Calculate the remainder when 1672 is divided by 39.
34
Calculate the remainder when 3052 is divided by 161.
154
Calculate the remainder when 554 is divided by 112.
106
What is the remainder when 1106 is divided by 366?
8
Calculate the remainder when 914 is divided by 188.
162
Calculate the remainder when 131 is divided by 9.
5
What is the remainder when 156 is divided by 41?
33
What is the remainder when 137 is divided by 43?
8
Calculate the remainder when 605 is divided by 7.
3
What is the remainder when 327 is divided by 66?
63
Calculate the remainder when 883 is divided by 253.
124
Calculate the remainder when 294 is divided by 19.
9
Calculate the remainder when 726 is divided by 10.
6
What is the remainder when 3717 is divided by 618?
9
Calculate the remainder when 145 is divided by 38.
31
Calculate the remainder when 561 is divided by 29.
10
What is the remainder when 849 is divided by 49?
16
What is the remainder when 1617 is divided by 10?
7
What is the remainder when 175 is divided by 23?
14
What is the remainder when 173 is divided by 7?
5
What is the remainder when 151 is divided by 112?
39
Calculate the remainder when 140 is divided by 41.
17
What is the remainder when 314 is divided by 102?
8
Calculate the remainder when 116 is divided by 54.
8
What is the remainder when 65 is divided by 10?
5
Calculate the remainder when 1203 is divided by 1162.
41
What is the remainder when 165 is divided by 95?
70
What is the remainder when 153 is divided by 71?
11
What is the remainder when 729 is divided by 15?
9
What is the remainder when 20 is divided by 12?
8
Calculate the remainder when 48 is divided by 27.
21
Calculate the remainder when 71 is divided by 1.
0
Calculate the remainder when 227 is divided by 21.
17
What is the remainder when 340 is divided by 112?
4
Calculate the remainder when 123 is divided by 28.
11
What is the remainder when 254 is divided by 16?
14
Calculate the remainder when 403 is divided by 68.
63
Calculate the remainder when 16315 is divided by 80.
75
What is the remainder when 306 is divided by 152?
2
Calculate the remainder when 1310 is divided by 11.
1
Calculate the remainder when 82 is divided by 13.
4
Calculate the remainder when 894 is divided by 36.
30
What is the remainder when 839 is divided by 826?
13
What is the remainder when 140 is divided by 3?
2
Calculate the remainder when 5935 is divided by 539.
6
What is the remainder when 84 is divided by 23?
15
Calculate the remainder when 5199 is divided by 121.
117
Calculate the remainder when 281 is divided by 83.
32
Calculate the remainder when 269 is divided by 253.
16
Calculate the remainder when 562 is divided by 101.
57
Calculate the remainder when 2585 is divided by 6.
5
Calculate the remainder when 841 is divided by 75.
16
What is the remainder when 470 is divided by 97?
82
What is the remainder when 150 is divided by 38?
36
What is the remainder when 29 is divided by 14?
1
What is the remainder when 722 is divided by 56?
50
Calculate the remainder when 172 is divided by 58.
56
Calculate the remainder when 195 is divided by 181.
14
Calculate the remainder when 388 is divided by 58.
40
What is the remainder when 1705 is divided by 44?
33
Calculate the remainder when 169 is divided by 25.
19
What is the remainder when 291 is divided by 172?
119
What is the remainder when 4286 is divided by 159?
152
What is the remainder when 9393 is divided by 522?
519
What is the remainder when 366 is div